
Let z = 28 - 2. What is the units digit of z?
6
Let w(i) = 1 - 2 - 2 + i. What is the units digit of w(5)?
2
Let z(g) = 2*g**2 + 10*g + 10. What is the tens digit of z(-8)?
5
Let o = 9 + -3. Let h(f) = 5*f + 3. What is the units digit of h(o)?
3
What is the units digit of (-6)/((-5)/(220/8))?
3
Let r(y) = 11*y - 1. What is the tens digit of r(14)?
5
Let s be (48/40)/((-2)/(-5)). Suppose -g = s*t - 24, g - 6*g + 174 = -3*t. What is the tens digit of g?
3
Let l(b) = -3*b + 7. Suppose 3*q - 6 = -a - 2, -5*a = -5*q - 40. Let c be l(a). What is the units digit of (-8)/2*21/c?
6
Suppose -4*t - 5*v + 40 = 0, 29 = -2*t + 7*t + v. Suppose t = 5*h - 110. What is the tens digit of h?
2
Let z = -4 - -7. Let c = z + 12. What is the units digit of c?
5
Let x(m) = m**3 + 10*m**2 + 4*m - 6. What is the tens digit of x(-9)?
3
Let i(x) = -x - 3. Let w be i(-7). Let h be (1/(-3))/(1/(-15)). Let b = h - w. What is the units digit of b?
1
Let o be (-10)/(-3)*12/(-10). Let x(k) = -2*k**3 + 4*k**2 - 3*k + 1. Let q be x(2). Let r = o - q. What is the units digit of r?
1
Let v(n) = -n - 4. Let h be v(0). Let b be ((-9)/(-4))/(1/h). What is the units digit of (b/6)/((-3)/18)?
9
What is the units digit of (-12)/(-4) - (-3 - -1)?
5
Suppose -3*m + 9 = 4*n - 31, 3*n = 3*m - 33. Let d = 22 - m. What is the units digit of d?
0
Suppose -33 = -2*p - 1. Suppose -v + 19 = -p. What is the units digit of v?
5
What is the units digit of (-2)/(-2) + 4 + 1?
6
Let a(n) = n**3 + 6*n**2. What is the units digit of a(3)?
1
Let r be ((-2)/(-6))/((-2)/(-24)). Let v be (r - 5)/((-1)/3). Suppose m + 1 - 39 = -5*g, -29 = -v*m + 2*g. What is the tens digit of m?
1
Let m = 7 + -4. Suppose 0 = 2*o + m*o + 15. Let n = 10 - o. What is the tens digit of n?
1
Let i(n) = n + 78. Let y be i(0). Suppose -6*s + y = -3*s. Suppose 4*j - 54 = -3*u, 2*j + 5*u = 4*u + s. What is the tens digit of j?
1
Suppose -205 + 4 = -3*u. What is the tens digit of u?
6
Let z(h) = -3*h - 3. Let v be z(-7). Suppose -3*n + 45 = 5*f - 7*n, 0 = -2*f - n + v. What is the units digit of f?
9
What is the hundreds digit of -1 - -24*3*76/36?
1
Suppose -2*f + 3*i = -0*i - 143, 0 = -4*f - i + 321. What is the tens digit of f?
7
Let p(s) = -s**2 + 5*s - 2. Let z(l) = 4*l. Let n be z(1). Let u be p(n). Suppose j + 11 = u*j. What is the tens digit of j?
1
Let i be 47/(-9) + (-4)/(-18). Let f(b) = 4*b - 2*b**2 - 2 + 0 + 3*b**2. What is the units digit of f(i)?
3
Let l = 247 + -98. What is the hundreds digit of l?
1
Let v(c) = -c**2 + 6*c + 3. Let j be v(6). Suppose 21 = 4*n + 1. Suppose -3*g - j + 2 = -n*z, 12 = 2*g + 3*z. What is the units digit of g?
3
Let t(a) = a**2 + a + 9. Let s be t(0). Let x(y) = -y + 12. Let f(q) = 2*q - 24. Let c(r) = -3*f(r) - 5*x(r). What is the units digit of c(s)?
3
Suppose 2*g - 4*l = 36, -3 = -g - 3*l + 2*l. Suppose -g*o + 4*o = -64. What is the tens digit of o?
1
Let v(p) = -p + 11. Suppose y = -y. What is the tens digit of v(y)?
1
Suppose 0 = -4*l + 55 + 25. What is the tens digit of l?
2
Suppose 3 = 2*l - v - 53, -88 = -4*l - 4*v. Let i = 83 - 70. Let q = l - i. What is the tens digit of q?
1
Suppose r + 3*r = -5*i + 90, -i = -3*r + 1. What is the tens digit of i?
1
Let x = 14 + 0. What is the units digit of 12/(-42) + 74/x?
5
Let s(p) be the second derivative of -p**4/12 - 2*p**3/3 - p**2/2 - 2*p. Let w be s(-2). Suppose d - w*f = -d + 8, 30 = 4*d + f. What is the units digit of d?
7
Let r(l) = -l**3 + 5*l**2 - 3*l + 3. Let j be r(3). What is the units digit of (j - 5)*9/21?
3
Let p(d) = 2*d + 7. Let g be p(-5). Let q = g + 3. Let z = q + 8. What is the units digit of z?
8
Suppose 4 = -2*s + 4*l + 184, 3*s - 268 = 4*l. What is the tens digit of s?
8
Suppose -3*d + 4*o + 24 = 0, 0*o - 2*o = 5*d - 14. What is the tens digit of 50/4 + (-6)/d?
1
Suppose -2*w + 13 = -7. Suppose -2*z + 4*z = w. Suppose -4*o = o - z. What is the units digit of o?
1
Let g = -133 + 212. Let w = g + -55. What is the units digit of w?
4
Let c(u) = u**2. Let q(x) = x**3 + 14*x**2 + 11*x + 9. Let s(o) = 3*c(o) - q(o). Let d be s(-10). Suppose -d = -2*f + f. What is the units digit of f?
1
Let h be (-6)/9 - 332/6. Let j = 95 + h. Let p = -26 + j. What is the tens digit of p?
1
Let y = 36 - 20. Let t be y/(-6)*(-21)/14. Suppose 3*l = t*i - i + 15, -2*l + i + 13 = 0. What is the units digit of l?
8
Let r(a) = 4 + 1 - a + 3 + 0*a. Let c be r(4). Let p = c - -5. What is the units digit of p?
9
Let v = -38 + 70. What is the tens digit of v?
3
Let v(n) = -n**2 - 6*n - 2. Let k be v(-3). Let f(x) = x + 11. What is the tens digit of f(k)?
1
Suppose 3*w = 8 + 1. Let d = 19 + w. What is the tens digit of d?
2
Let v(q) = q - 3. Let u be v(5). Let n(o) = o. What is the units digit of n(u)?
2
Suppose -3*x - 15 = 6. Let l = -3 - x. Suppose -l*d - 10 = -b, -4*b + b - 5*d = -13. What is the units digit of b?
6
Suppose 0 = 4*o - 2 - 18. What is the units digit of o?
5
Let k(i) = i**2 - 4*i - 4. What is the units digit of k(6)?
8
Let z(i) = i**3 + 8*i**2 + 4*i - 2. Suppose 4*p - a + 36 = 4*a, -4*p + a = 20. What is the units digit of z(p)?
6
Suppose -t + 35 = -0*t. Suppose -5*x = w - 5*w - t, x - 4*w = 7. Let b = x + -5. What is the units digit of b?
2
Let m = -2 - -3. Let y(u) = -4*u - 1 + 5*u + 3*u. What is the units digit of y(m)?
3
Suppose 138 = 4*s + k, -7*k + 8 = -3*k. Suppose 2*j - 34 = y, 2*j - 3*y - s = -5*y. What is the units digit of j?
7
Suppose 7 = -d + 4*l + 54, 0 = -5*d - l + 340. What is the tens digit of d?
6
Suppose -3*u - 9 = -t - u, -4*u - 15 = -t. Suppose -w = 5*r + 7, 5*w - 24 - 29 = -t*r. What is the tens digit of w?
1
Suppose 0 = -3*t - 5*y + 6, -t + 3*y = 3 - 19. Suppose 2*o - o - t = 0. What is the units digit of o?
7
Let x = 3 + 1. Suppose 0 = -u + x*u - 24. What is the tens digit of 82/u + (-1)/4?
1
Let d(j) = -j**3 + j**2 + 3. Let g = 11 + -15. Let n = g - -4. What is the units digit of d(n)?
3
Let t(o) = o**3 - o**2 + o + 21. Let d = -3 + 3. What is the units digit of t(d)?
1
Let m = 40 + -10. What is the tens digit of m?
3
Let w(k) = k. Let z be w(2). What is the units digit of (1*-10)/((-4)/z)?
5
Suppose 5*j = 56 + 614. What is the tens digit of j?
3
Let n = -180 + 306. What is the tens digit of n/(-2)*(-7)/21?
2
Let q(g) be the third derivative of 0 + 3*g**2 - 5/6*g**3 - 1/6*g**4 + 0*g. What is the tens digit of q(-4)?
1
Let m(d) = -4*d - 3. Let t be m(-2). Suppose 5*u + 27 = t*x - 38, 0 = 3*x - 5*u - 43. What is the tens digit of x?
1
Suppose 0 = -t - 3*k - k - 8, -2*t = 3*k + 31. Suppose -7*d - 36 = -2*d + 3*c, 0 = 2*d + 2*c + 16. What is the units digit of (t/d)/((-2)/(-3))?
5
Let g = 19 - 14. What is the units digit of g?
5
Let o = 15 - -2. What is the units digit of o?
7
Let i = 143 - -102. What is the hundreds digit of i?
2
Let w(f) = -f**2 - 11*f - 8. Let s be w(-10). Suppose d + 13 = s*v - 1, 3*d = 6. What is the units digit of v?
8
Let p = 10 + -5. Suppose 2*w + 1 - p = 0. What is the units digit of w?
2
Let i(z) = -z**2 + 8*z + 7. What is the tens digit of i(5)?
2
Let h(t) = 2*t**2 - 7*t - 2. What is the tens digit of h(9)?
9
Suppose -2*x = 5*x - 1582. What is the tens digit of x?
2
Let s = -33 + 59. What is the units digit of s?
6
Let t = -9 + 5. What is the units digit of t/2*-4 + 0?
8
Let t(q) = -6*q**2 + q + 2*q**2 + 3*q**2 + 16. Let p be t(0). Suppose -2*g - 3 = 5*c, -4*c = 5*g - 0*g + p. What is the units digit of c?
1
Suppose 0 = 2*k - 0*k + 52. Let c = 84 + k. What is the units digit of 8/(-28) - c/(-7)?
8
Suppose 12*t + t = 689. What is the units digit of t?
3
Suppose 4*f + 0*s - 4*s - 16 = 0, -2*f + 2 = 4*s. Let k be 2*-1 - (-3 - f). Suppose p + 43 = 3*l - 4*p, 5*l = -k*p + 10. What is the units digit of l?
6
Suppose -v + 2*f = -30, -2*f = -5*v - 7*f + 135. What is the units digit of v?
8
Suppose 0*f - 9*f + 72 = 0. Suppose 0 = -q + 14 - 7. Suppose -3*v + f = -q. What is the units digit of v?
5
Suppose 4*k - 864 = k. What is the hundreds digit of k?
2
Let h be 5/3 + (-2)/3. Suppose 4*f = h - 113. What is the tens digit of (f/35)/((-4)/50)?
1
Suppose -n + 5 = 4*n. What is the units digit of (n - 2)/(5/(-50))?
0
Let k be (6/(-8))/((-4)/(-32)). Let h(n) = -4*n + 6. What is the units digit of h(k)?
0
What is the units digit of 80 + 3 - 4/1?
9
What is the tens digit of (36 - 1) + (-10)/5?
3
Supp